te 13 - (0 + 9 + (-364 - -364)).
4
323 - 323 - (40 + -3)
-37
What is 2 - (298 + -279 - (1 - -33))?
17
Evaluate -1 + -78 + (11 - (-7 - 3)) + -6.
-64
2498 + -2480 + -8 + 0
10
Calculate 48 + -41 - (4 + 17) - (3 - (-2 + 2)).
-17
Evaluate 2369 + -2379 + (-2 - -4) + 132 - 21.
103
-4940 + 4987 - (90 - 1)
-42
Calculate (-6 - (-45 - -22)) + -13 + -15.
-11
What is the value of (-2 - 116) + (98 - (-52 - -119))?
-87
(129 - (211 - 113)) + 122
153
Evaluate (-24 - -44 - 24 - (2 - 22)) + (-12 - -1).
5
Evaluate 2 + 6 - (-3 + 18) - -11 - -36.
40
What is -9 - (2 + -4 + 22 + (10 - 25))?
-14
What is 20 - (-2 + 19 + (252 - 290))?
41
-12 - -4 - 7 - (26 - -3) - (0 + -6)
-38
110 - (128 - 205 - -182)
5
Evaluate (37 + -34 - (-1 + -4 + 8)) + 7 - 30.
-23
(-20 - -2 - (-35 - -24)) + 15 + (-88 - -3)
-77
What is (333 - 301 - (1 - -5)) + -16 + (-3 - -80)?
87
Calculate (8 + -1 - (1466 + -1481)) + 5.
27
-30 - (3 - 18 - 4) - 14
-25
41 - (-26 + -22 + 43)
46
(48 + -10 - 22) + -1
15
Evaluate 24 - (25 + -31 - 10 - -25).
15
What is 26 + 31 + 10 + -85 + -14?
-32
(3 - (24 - 43)) + -82 - 34
-94
What is -32 + (-26 - -48) - -41?
31
What is 105 - (29 - (-74 - -32 - -31))?
65
Evaluate -18 - (5 + -2 - (34 - 36)) - -11.
-12
(-17 - -11) + -4 - (-3 + 8 + 2)
-17
3 - 3 - 1 - (1487 - 1477)
-11
What is the value of (4 + -11 - 15) + -27 + 52 + -27?
-24
Calculate (4 - (28 + -33)) + -4 + -5 + 21.
21
Calculate -17 + 9 - (-25 + (12 - (1 - (4 + -5)))).
7
What is the value of 179 - 204 - (22 + -4 + -6)?
-37
What is (-24 + 17 - (38 + 18)) + -16?
-79
What is -12 + (-9 + 40 + -7 + -11 - (3 - -2))?
-4
Calculate (-3 - (7 - 3 - -17)) + (17 - 12 - 4).
-23
What is -25 - ((1 - -8) + 34 + -19 + -12 + -6)?
-31
Calculate (-37 - -58 - (2 - -14)) + 6.
11
What is the value of 7 + (-9 - -80 - 21 - (7 - 0))?
50
What is the value of -171 + 90 - -47 - -13?
-21
(5 - -57) + 18 + 7
87
Calculate 79 - (13 - -7 - 61).
120
Calculate (-7 - (3 - 1)) + 58 + (70 - 65).
54
Calculate -10 + 58 + (0 - 8) + 14.
54
Evaluate (-2 - (24 + -46)) + -37 + 1.
-16
What is the value of (-20 + 6 + -7 - 2) + -366 + 284?
-105
Calculate -12 + 9 + -1 + (-4 - (-5 - -1)).
-4
116 + -120 + 10 + -130
-124
What is the value of 6 + -70 + -3 + -20 + -22 + 57?
-52
What is the value of -7 - ((-160 - -181 - (2 - 57)) + 12 + -2)?
-93
30 + -18 + (6 + -13 - -6)
11
Calculate 34 - (-13 - 5 - 0) - 6.
46
Calculate 7 + -2 - (-28 + -12 + (32 - -27)).
-14
What is 3294 - 3300 - (-1 + (-1 - 1))?
-3
What is the value of -191 + 176 - (12 - (-2 + 1 - 5))?
-33
Evaluate (-10 - (15 - (-13 - -86))) + -13 + 11.
46
Calculate 0 - 4 - (-219 - -225) - (-8 + 12).
-14
-5 - -28 - 72 - -22 - -101
74
What is -1 + 112 - (-4246 + 4268)?
89
What is the value of -47 + -1 + 2 - (33 + -13 + (28 - 59))?
-35
Calculate -27 - -60 - 37 - -58.
54
Calculate -104 - (-7 - (-83 + 128)).
-52
What is the value of 13 + 0 + 33 + 10 + -45 - -77?
88
Calculate -4 + -2 + (-7 + (-7 - -22) - -53) - -2.
57
What is (22 + 3 - (-13 + 34)) + (2 - 43)?
-37
(-2108 - -2087) + (30 - -1)
10
-4 + (0 + 1 - -10 - (-60 - (-17 - 87)))
-37
What is 17 + -14 - (-8 - 0) - (-9 - -5)?
15
What is 22 + 8 + -18 + -3 + -9 + -87?
-87
18 + (81 - (-17 - -96))
20
Calculate -1462 + 1384 - (-4 - 81).
7
(78 - 104) + (-15 - -68) - (-2 - 12)
41
Calculate -92 + (-22 + 135 - -15).
36
What is the value of -9 - (-71 + 21 + -13 + -8)?
62
What is (-3 - (-3 + (0 - 0))) + (52 - 41)?
11
What is -26 + 6 + -98 + (24 - 0) - (1 + -3)?
-92
Evaluate -1 + 43 + (-105 + 15 - -48).
0
What is (-117 - -51) + 51 - ((-3 - -1) + -3)?
-10
What is 83 - -1 - (749 - 746) - 28?
53
Evaluate (2 - -44) + 18 + -35 + 26 + -10.
45
Calculate -92 + 11 + (-29 - -72) - (-9 + -1).
-28
What is -44 - -1 - (1526 + -1576)?
7
What is the value of 37 + (15 - 23) + -16 + -1 - 38?
-26
Evaluate (-5 - (-1 + -1) - 8) + 179 + -185.
-17
Calculate (-67 - -85) + (0 - 6) + 5.
17
Calculate -26 + (7 - -37) + (-2 - 2).
14
What is (0 - 5 - (-2 - -12)) + 2 + -56?
-69
What is 13 - -30 - ((34 - -44) + -75)?
40
Calculate (0 - 50) + -1391 + 1423.
-18
What is (3 - (11 - (11 - 3))) + (7 - (-11 + 59))?
-41
What is (-19 + (-8 - -3) - -8) + -58?
-74
What is the value of 5 + 86 + 0 + (-11 - 1) + (-897 - -924)?
106
What is 143 - -3 - (50 - (-10 - -20))?
106
33 - (109 + -60) - -7
-9
Calculate (-10 - (-18 - -19 - (-7 + 12))) + 14 + 2.
10
Evaluate 14 + (1 - (8 - ((4 - (10 - 15)) + -9))).
7
Evaluate 0 - 1 - 1 - (39 + -88 - -117 - 62).
-8
What is (-39 - (47 - (9 + -4))) + (-1 - -5)?
-77
Calculate 96 + -85 + (1 - 1) - (50 - 62).
23
What is the value of -56 + 31 + -3 - 31?
-59
Calculate 51 - (47 + 3 + -16).
17
What is (-11 - (-56 + -40)) + -40?
45
What is -98 + 58 + (-10 - (-13 - -4)) - (-4 - -1)?
-38
What is the value of 77 - (-5 - -53) - (105 - 6)?
-70
Calculate (-14 - -31) + -6 + -4 + 32.
39
16 - (48 - (-2 - 13 - -29))
-18
-116 + 106 + 0 + (8 - 10) + -23
-35
Calculate (2 - -106) + -33 + -75.
0
What is -6 - (0 - -11) - -13 - (2 + 4)?
-10
What is the value of (0 - -26) + 485 + -485 + -17?
9
What is the value of (277 - 342 - (2 - (6 - 1))) + -16?
-78
What is the value of -27 - -20 - (0 + -2 + -14) - -4?
13
What is the value of 54 + (2 + -45 - 44)?
-33
Evaluate 17 - 2 - (-5 + 6) - (584 - 590).
20
What is 81 - 1 - (-54 + (18 - -19)) - 4?
93
Calculate 18 + (1 - -6 - 47) - -24.
2
Calculate -5 - (-1 - -1) - ((-1 - -30) + 10 + -47).
3
-3 - 57 - (-6 + -10 + 9 - 7)
-46
(-53 - -12) + 51 + 1 + -29
-18
Evaluate -2 + -1 + (27 - (-28 + 124 - -10)).
-82
What is the value of -17 + 34 + (108 - 177)?
-52
Evaluate (1 - 80) + 2 - ((-91 - (-27 + -26)) + 38).
-77
What is the value of (1 - -39) + (-9 - 37)?
-6
Calculate -34 + (20 - -26 - -13).
25
Calculate 0 + -59 - (-8 + -18 + 0).
-33
Evaluate 5 + 3 + -3 - ((14 - 23) + 26) - 10.
-22
What is the value of -8 - -5 - 10 - (-19 - (9 - 15))?
0
Calculate 28 + -23 - 10 - -12.
7
-8 - (2 + (-22 - -21 - 6))
-3
What is the value of -23 - (-4 - 15) - 17 - -70?
49
(15 - -5 - -1 - (6 + -4)) + -10
9
27 + -71 + (7 - -29)
-8
Evaluate 24 - (-6 - -4 - (-172 + 179)).
33
(21 + -11 - 10) + (-5 - -2) + 7
4
What is the value of 18 - (72 - (87 - 16))?
17
Calculate 12 + -60 + 37 + 56 + 20.
65
What is the value of -3 + 15 - (-826 + 823)?
15
What is 121 + (-2 - (10 + 2) - (16 - (-16 + 36)))?
111
Evaluate -2 + (43 - -5) + -48.
-2
What is (-2 - (-4 - (2 - 0))) + (-378 - -460) + 15?
101
What is the value of 13 + -18 + -3 - -40?
32
Calculate 2 + -3 + (-4 - (-22 - -11)).
6
Evaluate -72 + -1 + -9 + (18 - -4 - (-3 - -16)).
-73
-146 + (133 + 10 - -65)
62
(0 - 12) + 11 - (-2 - 3) - (-12 + -41)
57
What is 41 - (-8 + 0 - -5 - (83 + -78))?
49
Evaluate 3 - (5 + -12) - (30 - -11) - -12.
-19
41 + (-5 - -3) - ((17 - 26) + 20)
28
-15 + 11 - 25 - -28
-1
19 - (57 - 43 - (1 - 1))
5
What is the value of (62 - 23) + 3 + 5 + 0 + 5?
52
Evaluate 2 + -69 + -6 + (5 - (-1 + 8)) + 17.
-58
41 + (-37 - (56 + -143))
91
What is 1 - (-47 + 3) - (8 + -22 - (-20 - -1))?
40
Calculate 601 + -614 + (3 - (-4 - -3)).
-9
Evaluate 21 - (-5 - (-14 - 20)) - (6 - (0 - -1)).
-13
What is the value of -17 + 20 + -5 + 10 - -38?
46
Calculate -29 - (-9 + (-19 - (-33 + 18))).
-16
What is the value of (128 - (-23 + -41 - -25)) + -25?
142
Calculate (-49 - 0) + (196 - (253 - 62)).
-44
Evaluate (10 - 48) + 39 + -2 + 24.
23
What is 15 + -27 + -15 + -45 - -6?
-66
Calculate -8 + 16 - (-6 + 9 - -4) - (-31 + 98).
-66
What is the value of 0 + 17 - (48 + 4 + -84 + 30)?
19
What is the value of (-98 - -94) + (22 - -2) - -22?
42
What is the value of -10 + 28 + (-4 + -3 - -18) + -26?
3
Evaluate -9 - 50 - -64 - (-1 + 4 + 45 + 5).
-48
-1 + 45 + (16 + -3 + 4 - (-486 + 493))
54
What is the value of -32 + (-1 - -1) - (-28 + 67 - 40)?
-31
(-29 - (-6 + -18)) + -1 + 3 + 10
7
Calculate (2 - -11 - 16) + 8 + -2 + 28.
31
Calculate 12 + (-11 - 3) + -30 + 81.
49
Calculate -91 + 44 + (-4 - 0 - -12) - 4.
-43
Evaluate -8 + 1 + (43 - 62) + -21.
-47
-11 + 3 + (-3 + (7 - (11 - 16)) - 11)
-10
Calculate -6 + (-10 - (1 - (-13 + -4 + 14 + 79))).
59
What is (-44 - (7 - 77)) + 13?
39
Evaluate (-37 - (69 + -130)) + -51.
-27
-26 - -55 - -22 - 74
-23
Evaluate (10 - -2) + ((7 - 1) + -19 - 9).
-10
Calculate 94 - (-69 + -70 + 189).
44
What is the value of (0 - 7) + (-4 - (-14 + 6)) + -9?
-12
What is the value of 21 + -14 + -6 + (4 - -5 - 0 - -29)?
39
What is (-43 - (-20 + (14 - 13))) + 46?
22
Evaluate (5 - -32) + (120 - 11